e (-6)/6 - (-4 + 0). Suppose a - x + 58 = -a, -j*x = -a - 39. What is the units digit of a/(-5) - 4/10?
5
Let i be (4 + -3)*(-72 - -1). Let y = i + 47. Let w = 38 + y. What is the tens digit of w?
1
Let w(x) = 4*x - 7 + 4*x**2 + x**3 - 2*x**3 + 3*x. What is the units digit of w(5)?
3
Let l be (-25 - -2)/(0 - 1). Let a(j) = -j**3 + 2*j + 1. Let f be a(-2). Suppose -l = f*o - 73. What is the units digit of o?
0
Suppose -2*a = 5*y - 23, -a + y = -0*y - 15. What is the tens digit of a?
1
Suppose 1 = -z - 2, -2*j - 27 = -z. Let v = j + 27. Suppose 5*x - v = x. What is the units digit of x?
3
Suppose -6*d = -d + 10. What is the tens digit of ((-54)/d)/(1/1)?
2
Suppose -2*n = -7*n + 2*k + 1271, 0 = -5*n - 4*k + 1283. What is the tens digit of n?
5
Let s(m) = -2*m**2 - 2*m**2 - 5*m + 3 + 3*m**2. What is the units digit of s(-3)?
9
Let x(w) = -w**2 + 7*w + 3. Let b be x(6). Suppose 4*l + 1 = b. What is the units digit of l?
2
Let y(x) = x**3 + 8*x**2 + 4*x - 8. Let m be y(-6). Let p = m + -27. What is the tens digit of p?
1
Let k = 8 - 2. Suppose -2*l - 4*d + k = -6*d, -4*l - 4*d + 4 = 0. What is the units digit of (1/l)/1*12?
6
Let g = 98 + -67. Suppose -g - 1 = -4*m. What is the units digit of m?
8
Suppose -b = b - 26. What is the tens digit of b?
1
Let u = -18 - -24. What is the units digit of u?
6
Let n(o) = o**3 - 5*o**2 - o + 7. What is the units digit of n(5)?
2
Suppose 3*c + 5*b - 15 = 0, c - 2*b + 7*b = 5. Suppose 5*q = -r - 4*r + 20, 3*r = -c*q + 8. What is the units digit of r?
6
Suppose 2*n - 4 = 4*u, -n = -2*u - 6*n + 10. Suppose 0 = -5*v + 3*k + 2*k + 65, 3*v + 5*k - 63 = u. What is the tens digit of v?
1
Suppose 0 = l + 4*l - 265. What is the units digit of l?
3
Let i(x) = 3*x**2 + x + 2. What is the units digit of i(-5)?
2
Suppose 0 = 2*b - 4*n + 64, -5*b - n - 29 = -4*b. What is the units digit of -1 - b - (14 + -11)?
6
Let o be (-28)/(-6) - 2/3. Let p = o + -2. Suppose -p*a = a - 39. What is the tens digit of a?
1
What is the hundreds digit of (-8)/(-56)*7 + (0 - -140)?
1
Suppose -z + 0*z = 3*m - 109, -4*m = -z - 143. Suppose m = -4*l + 6*l. What is the units digit of l?
8
Suppose -5*c + 7*l - 2*l + 405 = 0, 3 = l. What is the units digit of c?
4
Let w = 227 + -95. Let a be (4/(-3))/((-4)/w). Suppose 0*s - a = -4*s. What is the units digit of s?
1
Let i(s) = -s + 1. Let h(l) = -l**2 + l + 3. Let d(m) = -h(m) + 5*i(m). Suppose 7*k + 1 - 50 = 0. What is the units digit of d(k)?
9
Let s = 10 + -5. Suppose s*x - 3 = 62. Suppose 4*z = -0*z - 3*d + x, -4*z + 15 = d. What is the units digit of z?
4
Let j(o) = 4*o - 2. Let c be j(1). What is the units digit of c*((-94)/4)/(-1)?
7
Let d(m) = -1. Let n(c) = c - 3. Let x(t) = -7*d(t) + 2*n(t). Let q be x(-3). What is the units digit of q/20 - (-21)/4?
5
Let j be 6*-1*(-30)/9. Suppose 0*g = 2*g - j. Suppose 3*l + g = -d + 7*l, 5*d = 3*l + 1. What is the units digit of d?
2
Let i(t) be the first derivative of 4*t**3/3 + t**2 + 2. What is the units digit of i(-2)?
2
Suppose 3 = -3*y + 2*y. Let l = y + 30. What is the tens digit of l?
2
Let d(q) = -q**2 + 3*q + 2. Let n be d(-2). What is the units digit of (-17)/(-2)*(-16)/n?
7
Let w(y) = 34*y**3 + y**2 - y. Let m(v) = -34*v**3 - 2*v**2 + v. Let c(b) = -3*m(b) - 4*w(b). What is the units digit of c(-1)?
5
Suppose 0 = 4*a + k, 5*a = 2*a - 4*k. Suppose a = 3*z - 4*z + 9. What is the units digit of z?
9
Let z = -8 - -9. Let x be -5*z/((-15)/6). Suppose -3*s - x*s = 4*v - 15, 0 = -2*v + 4*s + 14. What is the units digit of v?
5
Let i(f) = -f**3 - f - 2. Let p be i(0). Let o be 1*(3 - 2)*p. Let c = 1 - o. What is the units digit of c?
3
Let n(x) be the first derivative of -x**2/2 + 14*x - 3. What is the units digit of n(6)?
8
Let j = 62 + -21. What is the tens digit of j?
4
Suppose -2*o - 14 = -3*c, 3*c = 5*o + 33 - 7. Suppose -c*x = -0*x - 54. What is the units digit of x?
7
Let p(i) = 2*i**2 + 5*i - 3. Suppose 4*r - 8*r - 16 = 0. What is the units digit of p(r)?
9
Let z = 20 + -13. What is the units digit of z?
7
Let t be ((-78)/15)/(2/(-10)). Suppose 5*l - 29 = t. What is the tens digit of l?
1
Suppose -3*j = g - 3*g - 19, j - 28 = 5*g. Suppose 8 = 2*r + 4*n + 2, -r = j*n - 1. What is the units digit of r?
7
Suppose 0*q = -2*q + 72. Suppose 0 = t + t - q. What is the units digit of t?
8
Let s be 57/(2 + -3 - -2). Let n = -20 + s. Suppose -8*a + 3*a + n = x, 0 = -4*a + 2*x + 24. What is the units digit of a?
7
Let h(q) = q**3 - 4*q**2 + q - 1. Let l be h(4). Suppose 5 = 2*y + l. What is the units digit of (y - 17)/(4 - 6)?
8
Suppose 2*y - 398 = -3*r + r, -2*y + 403 = -3*r. What is the tens digit of y?
0
Let y(j) = j**3 - 4*j**2 - j - 4. Let c be y(5). Suppose -2*i - w + c = 2*w, -3*i + 25 = 5*w. What is the units digit of i?
5
Suppose 111*j - 18 = 110*j. What is the tens digit of j?
1
Suppose 6*v + t = v + 37, 4*v + 3*t = 34. What is the units digit of v?
7
Let u = -45 - -65. Suppose 2*r - 12 = 3*d, 5*r - u = -4*d + 33. What is the units digit of r?
9
Let g(v) = -4*v. Let r be g(-1). Suppose 45 = r*x + 3*i, 0 = -0*x + 4*x - 5*i - 53. What is the tens digit of x?
1
Let d = -32 + 68. What is the units digit of d?
6
Let n = 6 - 5. What is the units digit of 42*(-3)/(-6)*n?
1
Let g(f) = -f - 4. Let x be g(3). Let k = x + 6. Let m = 8 - k. What is the units digit of m?
9
Suppose 5*c - r - 50 = 0, r - 21 - 9 = -3*c. What is the tens digit of ((-16)/c)/((-20)/250)?
2
Suppose 5*o + 3*j + 1 - 12 = 0, 4*j - 5 = 3*o. Let v be (3 + -1)*o/(-2). What is the units digit of ((-4)/2)/v - -5?
7
Suppose 5*b - 13 = -68. Let c = -8 - b. What is the units digit of 1/(((-9)/(-42))/c)?
4
Let z = 245 + -173. Let w = z - 42. What is the tens digit of w?
3
Let z = 119 - 35. What is the units digit of z?
4
Suppose -4*p = -0*p + 28. Let i = p + 10. What is the units digit of i?
3
Suppose -3*f + f - 3*b = -206, 2*f = -5*b + 214. What is the units digit of f?
7
Let y be 2 + (1 - 1 - -1). Let t be 1/(-6) - 345/(-18). Suppose t = y*r + 2*m, 0 = -2*m + 16 - 6. What is the units digit of r?
3
Suppose 3 = -m + 2*t - 9, -3*m - 5*t + 19 = 0. What is the units digit of (-119)/(-11) + m/(-11)?
1
Suppose 5*b + 8*c - 1400 = 13*c, -555 = -2*b + 3*c. What is the units digit of b?
5
Let y(f) = -42*f - 8. What is the units digit of y(-2)?
6
Let z(s) = s - 1. Let u be z(-2). Let q(c) be the third derivative of c**6/120 + c**5/15 + c**4/12 - 2*c**2. What is the units digit of q(u)?
3
Let q = -10 + 45. What is the tens digit of q?
3
Suppose f - 80 - 51 = 0. What is the units digit of f?
1
Let q = -15 - -15. What is the units digit of q + 14 + 0 + 1?
5
Suppose 4*u + 0 - 16 = 4*z, 0 = -2*u + 4. Let j(s) = s**2 + 4*s - 11. Let v be j(-8). What is the units digit of v + z + -1 + -3?
5
Let y(q) = q. Let c be y(6). Let t = 11 - c. What is the units digit of t?
5
Suppose -5*p - 25 = 0, -2*b + p = 4*p - 363. What is the hundreds digit of b?
1
Suppose -102 = -2*d + 112. What is the tens digit of d?
0
Let u(q) = -q**2 - 4*q - 1. Let g be u(-4). What is the units digit of (36/15)/(g/(-5))?
2
Suppose -2*w + 0*w = 0. Let l be ((-3 - 0) + 2)*w. Suppose 2*i + 2 - 12 = l. What is the units digit of i?
5
Suppose 6*v = -2*v. Let q(s) = 15*s. Let y be q(1). Suppose -j + 0*j + y = v. What is the tens digit of j?
1
Let t(w) = -w**3 + 2*w - 1. Let f = -15 - -26. Suppose 3*d + f + 2 = -2*p, p = -3*d - 11. What is the units digit of t(p)?
3
Suppose 0 = 3*o + 5*x - 138, 5*o = 4*x + 77 + 153. What is the tens digit of o?
4
What is the units digit of (-144)/30*(-10)/4?
2
Suppose m - 2*u = -8, -3*m = m + 3*u - 1. Let k = 4 + m. Let i = k + 1. What is the units digit of i?
3
Let o(k) = -k**2 - 4*k + 2. Let y be o(-4). Suppose 54 = 5*q - y*g, 0 = 2*q - 4*g - 15 - 13. What is the tens digit of q?
1
Let i be 1 + 1 + -18 + -2. Let t be (-15)/12*(2 + i). Suppose 2*n + t = 2*m - 6, -4*m = 2*n - 40. What is the units digit of m?
1
What is the units digit of 68*5/10*2?
8
Let p(s) = 4*s**2 + 2. Let l be p(3). Let w = 81 - l. What is the tens digit of w?
4
Let r be (5/15)/((-1)/(-6)). Suppose -4*x - 3*w + 36 = 0, 0 = -2*x + w + r*w + 36. Suppose j - x = -4*h, -3*j + j = 0. What is the units digit of h?
3
Let n be ((-8)/12)/(6/(-9)). Let o = 10 - n. What is the units digit of o?
9
Let r = -77 + 130. What is the tens digit of r?
5
Let 